{"id":1498,"date":"2025-11-17T14:40:17","date_gmt":"2025-11-17T13:40:17","guid":{"rendered":"https:\/\/lacarriere-events.com\/?post_type=evenement&#038;p=1498"},"modified":"2025-11-17T15:08:51","modified_gmt":"2025-11-17T14:08:51","slug":"jf-pauze","status":"publish","type":"evenement","link":"https:\/\/lacarriere-events.com\/en\/evenements\/jf-pauze\/","title":{"rendered":"JF Pauz\u00e9"},"content":{"rendered":"\n<p class=\"has-text-align-center\"><em>Les amours de seconde main<\/em><\/p>\n\n\n\n<p>JF Pauz\u00e9, membre des Cowboys Fringants et auteur-compositeur des chansons du groupe, a fait ses d\u00e9buts en solo avec un premier album \u00e0 titre d\u2019interpr\u00e8te. D\u00e9voil\u00e9 le 4 octobre 2025,<strong><em> Les amours de seconde main<\/em><\/strong> d\u00e9montre une fois de plus sa plume d\u2019exception.<\/p>\n\n\n\n<p>JF remettra les pieds sur les sc\u00e8nes europ\u00e9ennes en 2027, entour\u00e9 de musiciens, avec un spectacle g\u00e9n\u00e9reux et festif. Un moment important dans le paysage musical qu\u00e9b\u00e9cois pour les saisons \u00e0 venir !<\/p>\n\n\n\n<figure class=\"wp-block-embed is-type-video is-provider-youtube wp-block-embed-youtube wp-embed-aspect-16-9 wp-has-aspect-ratio\"><div class=\"wp-block-embed__wrapper\">\n<iframe loading=\"lazy\" title=\"JF Pauz\u00e9 - extrait BALLON-SONDE\" width=\"750\" height=\"422\" src=\"https:\/\/www.youtube.com\/embed\/gFWmtjaK6Y8?feature=oembed\" frameborder=\"0\" allow=\"accelerometer; autoplay; clipboard-write; encrypted-media; gyroscope; picture-in-picture; web-share\" referrerpolicy=\"strict-origin-when-cross-origin\" allowfullscreen><\/iframe>\n<\/div><\/figure>\n\n\n\n<p class=\"has-text-align-center\"><\/p>\n\n\n\n<p><\/p>\n","protected":false},"author":2,"featured_media":1499,"menu_order":0,"template":"","types-evenements":[9],"class_list":["post-1498","evenement","type-evenement","status-publish","has-post-thumbnail","hentry","types-evenements-concert","entry"],"acf":[],"yoast_head":"<!-- This site is optimized with the Yoast SEO plugin v27.1.1 - https:\/\/yoast.com\/product\/yoast-seo-wordpress\/ -->\n<title>JF Pauz\u00e9 - La Carri\u00e8re<\/title>\n<meta name=\"description\" content=\"JF remettra les pieds sur les sc\u00e8nes europ\u00e9ennes en 2027, entour\u00e9 de musiciens, avec un spectacle g\u00e9n\u00e9reux et festif. Un moment important dans le paysage musical qu\u00e9b\u00e9cois pour les saisons \u00e0 venir !\" \/>\n<meta name=\"robots\" content=\"index, follow, max-snippet:-1, max-image-preview:large, max-video-preview:-1\" \/>\n<link rel=\"canonical\" href=\"https:\/\/lacarriere-events.com\/evenements\/jf-pauze\/\" \/>\n<meta property=\"og:locale\" content=\"en_US\" \/>\n<meta property=\"og:type\" content=\"article\" \/>\n<meta property=\"og:title\" content=\"JF Pauz\u00e9 - La Carri\u00e8re\" \/>\n<meta property=\"og:description\" content=\"JF remettra les pieds sur les sc\u00e8nes europ\u00e9ennes en 2027, entour\u00e9 de musiciens, avec un spectacle g\u00e9n\u00e9reux et festif. Un moment important dans le paysage musical qu\u00e9b\u00e9cois pour les saisons \u00e0 venir !\" \/>\n<meta property=\"og:url\" content=\"https:\/\/lacarriere-events.com\/evenements\/jf-pauze\/\" \/>\n<meta property=\"og:site_name\" content=\"La Carri\u00e8re\" \/>\n<meta property=\"article:modified_time\" content=\"2025-11-17T14:08:51+00:00\" \/>\n<meta property=\"og:image\" content=\"https:\/\/lacarriere-events.com\/wp-content\/uploads\/2025\/11\/PAUZE-1080X1080-NTS.jpg\" \/>\n\t<meta property=\"og:image:width\" content=\"1080\" \/>\n\t<meta property=\"og:image:height\" content=\"1080\" \/>\n\t<meta property=\"og:image:type\" content=\"image\/jpeg\" \/>\n<meta name=\"twitter:card\" content=\"summary_large_image\" \/>\n<meta name=\"twitter:label1\" content=\"Est. reading time\" \/>\n\t<meta name=\"twitter:data1\" content=\"1 minute\" \/>\n<script type=\"application\/ld+json\" class=\"yoast-schema-graph\">{\"@context\":\"https:\/\/schema.org\",\"@graph\":[{\"@type\":\"WebPage\",\"@id\":\"https:\/\/lacarriere-events.com\/evenements\/jf-pauze\/\",\"url\":\"https:\/\/lacarriere-events.com\/evenements\/jf-pauze\/\",\"name\":\"JF Pauz\u00e9 - La Carri\u00e8re\",\"isPartOf\":{\"@id\":\"https:\/\/lacarriere-events.com\/#website\"},\"primaryImageOfPage\":{\"@id\":\"https:\/\/lacarriere-events.com\/evenements\/jf-pauze\/#primaryimage\"},\"image\":{\"@id\":\"https:\/\/lacarriere-events.com\/evenements\/jf-pauze\/#primaryimage\"},\"thumbnailUrl\":\"https:\/\/lacarriere-events.com\/wp-content\/uploads\/2025\/11\/PAUZE-1080X1080-NTS.jpg\",\"datePublished\":\"2025-11-17T13:40:17+00:00\",\"dateModified\":\"2025-11-17T14:08:51+00:00\",\"description\":\"JF remettra les pieds sur les sc\u00e8nes europ\u00e9ennes en 2027, entour\u00e9 de musiciens, avec un spectacle g\u00e9n\u00e9reux et festif. Un moment important dans le paysage musical qu\u00e9b\u00e9cois pour les saisons \u00e0 venir !\",\"breadcrumb\":{\"@id\":\"https:\/\/lacarriere-events.com\/evenements\/jf-pauze\/#breadcrumb\"},\"inLanguage\":\"en-US\",\"potentialAction\":[{\"@type\":\"ReadAction\",\"target\":[\"https:\/\/lacarriere-events.com\/evenements\/jf-pauze\/\"]}]},{\"@type\":\"ImageObject\",\"inLanguage\":\"en-US\",\"@id\":\"https:\/\/lacarriere-events.com\/evenements\/jf-pauze\/#primaryimage\",\"url\":\"https:\/\/lacarriere-events.com\/wp-content\/uploads\/2025\/11\/PAUZE-1080X1080-NTS.jpg\",\"contentUrl\":\"https:\/\/lacarriere-events.com\/wp-content\/uploads\/2025\/11\/PAUZE-1080X1080-NTS.jpg\",\"width\":1080,\"height\":1080},{\"@type\":\"BreadcrumbList\",\"@id\":\"https:\/\/lacarriere-events.com\/evenements\/jf-pauze\/#breadcrumb\",\"itemListElement\":[{\"@type\":\"ListItem\",\"position\":1,\"name\":\"Accueil\",\"item\":\"https:\/\/lacarriere-events.com\/en\/\"},{\"@type\":\"ListItem\",\"position\":2,\"name\":\"JF Pauz\u00e9\"}]},{\"@type\":\"WebSite\",\"@id\":\"https:\/\/lacarriere-events.com\/#website\",\"url\":\"https:\/\/lacarriere-events.com\/\",\"name\":\"La Carri\u00e8re\",\"description\":\"\",\"potentialAction\":[{\"@type\":\"SearchAction\",\"target\":{\"@type\":\"EntryPoint\",\"urlTemplate\":\"https:\/\/lacarriere-events.com\/?s={search_term_string}\"},\"query-input\":{\"@type\":\"PropertyValueSpecification\",\"valueRequired\":true,\"valueName\":\"search_term_string\"}}],\"inLanguage\":\"en-US\"}]}<\/script>\n<!-- \/ Yoast SEO plugin. -->","yoast_head_json":{"title":"JF Pauz\u00e9 - La Carri\u00e8re","description":"JF remettra les pieds sur les sc\u00e8nes europ\u00e9ennes en 2027, entour\u00e9 de musiciens, avec un spectacle g\u00e9n\u00e9reux et festif. Un moment important dans le paysage musical qu\u00e9b\u00e9cois pour les saisons \u00e0 venir !","robots":{"index":"index","follow":"follow","max-snippet":"max-snippet:-1","max-image-preview":"max-image-preview:large","max-video-preview":"max-video-preview:-1"},"canonical":"https:\/\/lacarriere-events.com\/evenements\/jf-pauze\/","og_locale":"en_US","og_type":"article","og_title":"JF Pauz\u00e9 - La Carri\u00e8re","og_description":"JF remettra les pieds sur les sc\u00e8nes europ\u00e9ennes en 2027, entour\u00e9 de musiciens, avec un spectacle g\u00e9n\u00e9reux et festif. Un moment important dans le paysage musical qu\u00e9b\u00e9cois pour les saisons \u00e0 venir !","og_url":"https:\/\/lacarriere-events.com\/evenements\/jf-pauze\/","og_site_name":"La Carri\u00e8re","article_modified_time":"2025-11-17T14:08:51+00:00","og_image":[{"width":1080,"height":1080,"url":"https:\/\/lacarriere-events.com\/wp-content\/uploads\/2025\/11\/PAUZE-1080X1080-NTS.jpg","type":"image\/jpeg"}],"twitter_card":"summary_large_image","twitter_misc":{"Est. reading time":"1 minute"},"schema":{"@context":"https:\/\/schema.org","@graph":[{"@type":"WebPage","@id":"https:\/\/lacarriere-events.com\/evenements\/jf-pauze\/","url":"https:\/\/lacarriere-events.com\/evenements\/jf-pauze\/","name":"JF Pauz\u00e9 - La Carri\u00e8re","isPartOf":{"@id":"https:\/\/lacarriere-events.com\/#website"},"primaryImageOfPage":{"@id":"https:\/\/lacarriere-events.com\/evenements\/jf-pauze\/#primaryimage"},"image":{"@id":"https:\/\/lacarriere-events.com\/evenements\/jf-pauze\/#primaryimage"},"thumbnailUrl":"https:\/\/lacarriere-events.com\/wp-content\/uploads\/2025\/11\/PAUZE-1080X1080-NTS.jpg","datePublished":"2025-11-17T13:40:17+00:00","dateModified":"2025-11-17T14:08:51+00:00","description":"JF remettra les pieds sur les sc\u00e8nes europ\u00e9ennes en 2027, entour\u00e9 de musiciens, avec un spectacle g\u00e9n\u00e9reux et festif. Un moment important dans le paysage musical qu\u00e9b\u00e9cois pour les saisons \u00e0 venir !","breadcrumb":{"@id":"https:\/\/lacarriere-events.com\/evenements\/jf-pauze\/#breadcrumb"},"inLanguage":"en-US","potentialAction":[{"@type":"ReadAction","target":["https:\/\/lacarriere-events.com\/evenements\/jf-pauze\/"]}]},{"@type":"ImageObject","inLanguage":"en-US","@id":"https:\/\/lacarriere-events.com\/evenements\/jf-pauze\/#primaryimage","url":"https:\/\/lacarriere-events.com\/wp-content\/uploads\/2025\/11\/PAUZE-1080X1080-NTS.jpg","contentUrl":"https:\/\/lacarriere-events.com\/wp-content\/uploads\/2025\/11\/PAUZE-1080X1080-NTS.jpg","width":1080,"height":1080},{"@type":"BreadcrumbList","@id":"https:\/\/lacarriere-events.com\/evenements\/jf-pauze\/#breadcrumb","itemListElement":[{"@type":"ListItem","position":1,"name":"Accueil","item":"https:\/\/lacarriere-events.com\/en\/"},{"@type":"ListItem","position":2,"name":"JF Pauz\u00e9"}]},{"@type":"WebSite","@id":"https:\/\/lacarriere-events.com\/#website","url":"https:\/\/lacarriere-events.com\/","name":"La Carri\u00e8re","description":"","potentialAction":[{"@type":"SearchAction","target":{"@type":"EntryPoint","urlTemplate":"https:\/\/lacarriere-events.com\/?s={search_term_string}"},"query-input":{"@type":"PropertyValueSpecification","valueRequired":true,"valueName":"search_term_string"}}],"inLanguage":"en-US"}]}},"_links":{"self":[{"href":"https:\/\/lacarriere-events.com\/en\/wp-json\/wp\/v2\/evenement\/1498","targetHints":{"allow":["GET"]}}],"collection":[{"href":"https:\/\/lacarriere-events.com\/en\/wp-json\/wp\/v2\/evenement"}],"about":[{"href":"https:\/\/lacarriere-events.com\/en\/wp-json\/wp\/v2\/types\/evenement"}],"author":[{"embeddable":true,"href":"https:\/\/lacarriere-events.com\/en\/wp-json\/wp\/v2\/users\/2"}],"version-history":[{"count":2,"href":"https:\/\/lacarriere-events.com\/en\/wp-json\/wp\/v2\/evenement\/1498\/revisions"}],"predecessor-version":[{"id":1502,"href":"https:\/\/lacarriere-events.com\/en\/wp-json\/wp\/v2\/evenement\/1498\/revisions\/1502"}],"wp:featuredmedia":[{"embeddable":true,"href":"https:\/\/lacarriere-events.com\/en\/wp-json\/wp\/v2\/media\/1499"}],"wp:attachment":[{"href":"https:\/\/lacarriere-events.com\/en\/wp-json\/wp\/v2\/media?parent=1498"}],"wp:term":[{"taxonomy":"types-evenements","embeddable":true,"href":"https:\/\/lacarriere-events.com\/en\/wp-json\/wp\/v2\/types-evenements?post=1498"}],"curies":[{"name":"wp","href":"https:\/\/api.w.org\/{rel}","templated":true}]}}

JF Pauzé

<p class="has-text-align-center"><em>Les amours de seconde main</em></p>



<p>JF Pauzé, membre des Cowboys Fringants et auteur-compositeur des chansons du groupe, a fait ses débuts en solo avec un premier album à titre d’interprète. Dévoilé le 4 octobre 2025,<strong><em> Les amours de seconde main</em></strong> démontre une fois de plus sa plume d’exception.</p>



<p>JF remettra les pieds sur les scènes européennes en 2027, entouré de musiciens, avec un spectacle généreux et festif. Un moment important dans le paysage musical québécois pour les saisons à venir !</p>



<figure class="wp-block-embed is-type-video is-provider-youtube wp-block-embed-youtube wp-embed-aspect-16-9 wp-has-aspect-ratio"><div class="wp-block-embed__wrapper">
<iframe loading="lazy" title="JF Pauzé - extrait BALLON-SONDE" width="750" height="422" src="https://www.youtube.com/embed/gFWmtjaK6Y8?feature=oembed" frameborder="0" allow="accelerometer; autoplay; clipboard-write; encrypted-media; gyroscope; picture-in-picture; web-share" referrerpolicy="strict-origin-when-cross-origin" allowfullscreen></iframe>
</div></figure>



<p class="has-text-align-center"></p>



<p></p>

<!-- This site is optimized with the Yoast SEO plugin v27.1.1 - https://yoast.com/product/yoast-seo-wordpress/ -->
<title>JF Pauzé - La Carrière</title>
<meta name="description" content="JF remettra les pieds sur les scènes européennes en 2027, entouré de musiciens, avec un spectacle généreux et festif. Un moment important dans le paysage musical québécois pour les saisons à venir !" />
<meta name="robots" content="index, follow, max-snippet:-1, max-image-preview:large, max-video-preview:-1" />
<link rel="canonical" href="https://lacarriere-events.com/evenements/jf-pauze/" />
<meta property="og:locale" content="en_US" />
<meta property="og:type" content="article" />
<meta property="og:title" content="JF Pauzé - La Carrière" />
<meta property="og:description" content="JF remettra les pieds sur les scènes européennes en 2027, entouré de musiciens, avec un spectacle généreux et festif. Un moment important dans le paysage musical québécois pour les saisons à venir !" />
<meta property="og:url" content="https://lacarriere-events.com/evenements/jf-pauze/" />
<meta property="og:site_name" content="La Carrière" />
<meta property="article:modified_time" content="2025-11-17T14:08:51+00:00" />
<meta property="og:image" content="https://lacarriere-events.com/wp-content/uploads/2025/11/PAUZE-1080X1080-NTS.jpg" />
	<meta property="og:image:width" content="1080" />
	<meta property="og:image:height" content="1080" />
	<meta property="og:image:type" content="image/jpeg" />
<meta name="twitter:card" content="summary_large_image" />
<meta name="twitter:label1" content="Est. reading time" />
	<meta name="twitter:data1" content="1 minute" />
<script type="application/ld+json" class="yoast-schema-graph">{"@context":"https://schema.org","@graph":[{"@type":"WebPage","@id":"https://lacarriere-events.com/evenements/jf-pauze/","url":"https://lacarriere-events.com/evenements/jf-pauze/","name":"JF Pauzé - La Carrière","isPartOf":{"@id":"https://lacarriere-events.com/#website"},"primaryImageOfPage":{"@id":"https://lacarriere-events.com/evenements/jf-pauze/#primaryimage"},"image":{"@id":"https://lacarriere-events.com/evenements/jf-pauze/#primaryimage"},"thumbnailUrl":"https://lacarriere-events.com/wp-content/uploads/2025/11/PAUZE-1080X1080-NTS.jpg","datePublished":"2025-11-17T13:40:17+00:00","dateModified":"2025-11-17T14:08:51+00:00","description":"JF remettra les pieds sur les scènes européennes en 2027, entouré de musiciens, avec un spectacle généreux et festif. Un moment important dans le paysage musical québécois pour les saisons à venir !","breadcrumb":{"@id":"https://lacarriere-events.com/evenements/jf-pauze/#breadcrumb"},"inLanguage":"en-US","potentialAction":[{"@type":"ReadAction","target":["https://lacarriere-events.com/evenements/jf-pauze/"]}]},{"@type":"ImageObject","inLanguage":"en-US","@id":"https://lacarriere-events.com/evenements/jf-pauze/#primaryimage","url":"https://lacarriere-events.com/wp-content/uploads/2025/11/PAUZE-1080X1080-NTS.jpg","contentUrl":"https://lacarriere-events.com/wp-content/uploads/2025/11/PAUZE-1080X1080-NTS.jpg","width":1080,"height":1080},{"@type":"BreadcrumbList","@id":"https://lacarriere-events.com/evenements/jf-pauze/#breadcrumb","itemListElement":[{"@type":"ListItem","position":1,"name":"Accueil","item":"https://lacarriere-events.com/en/"},{"@type":"ListItem","position":2,"name":"JF Pauzé"}]},{"@type":"WebSite","@id":"https://lacarriere-events.com/#website","url":"https://lacarriere-events.com/","name":"La Carrière","description":"","potentialAction":[{"@type":"SearchAction","target":{"@type":"EntryPoint","urlTemplate":"https://lacarriere-events.com/?s={search_term_string}"},"query-input":{"@type":"PropertyValueSpecification","valueRequired":true,"valueName":"search_term_string"}}],"inLanguage":"en-US"}]}</script>
<!-- / Yoast SEO plugin. -->

JF Pauzé - La Carrière

JF remettra les pieds sur les scènes européennes en 2027, entouré de musiciens, avec un spectacle généreux et festif. Un moment important dans le paysage musical québécois pour les saisons à venir !

La Carrière
