{"id":1422,"date":"2025-10-28T11:00:00","date_gmt":"2025-10-28T10:00:00","guid":{"rendered":"https:\/\/lacarriere-events.com\/?post_type=evenement&#038;p=1422"},"modified":"2026-04-21T11:40:45","modified_gmt":"2026-04-21T09:40:45","slug":"mac-demarco","status":"publish","type":"evenement","link":"https:\/\/lacarriere-events.com\/en\/evenements\/mac-demarco\/","title":{"rendered":"Mac DeMarco"},"content":{"rendered":"\n<p class=\"has-text-align-center\"><strong>BOURSE AUX BILLETS : <a href=\"https:\/\/reelax-tickets.com\/e\/n\/mac-demarco-la-carriere\">https:\/\/reelax-tickets.com\/e\/n\/mac-demarco-la-carriere<\/a><\/strong><\/p>\n\n\n\n<p>Quelques jours apr\u00e8s un concert parisien d\u2019anthologie \u00e0 la salle Pleyel, ayant affichant archi-complet, Mac DeMarco annonce une s\u00e9rie de dates en France pour septembre 2026&nbsp;! Le songwriter canadien d\u00e9fendra sur sc\u00e8ne l\u2019album &#8220;Guitar&#8221;, petit bijou folk minimaliste disponible depuis le 22 ao\u00fbt 2025. Retrouvez Mac DeMarco en concert&nbsp;le <strong>10 septembre 2026, \u00e0 La Carri\u00e8re, Nantes (Saint-Herblain).<\/strong><\/p>\n\n\n\n<p>&#8220;Guitar&#8221; a \u00e9t\u00e9 enti\u00e8rement \u00e9crit et enregistr\u00e9 en novembre 2024 dans la maison de Mac \u00e0 Los Angeles. \u00c0 l\u2019exception du mastering r\u00e9alis\u00e9 par David Ives, Mac a lui-m\u00eame pris en charge tous les aspects du disque : de l\u2019enregistrement au mixage (effectu\u00e9 au Canada), en passant par les clips et la pochette, tourn\u00e9s en autonomie \u00e0 l\u2019aide de tr\u00e9pieds. Il confie : \u00ab Je pense que Guitar est la repr\u00e9sentation la plus fid\u00e8le que j\u2019aie pu faire de l\u2019endroit o\u00f9 j\u2019en suis dans ma vie aujourd\u2019hui. Je suis heureux de partager cette musique et impatient de jouer ces chansons partout o\u00f9 je le pourrai. \u00bb<\/p>\n\n\n\n<figure class=\"wp-block-embed is-type-video is-provider-youtube wp-block-embed-youtube wp-embed-aspect-16-9 wp-has-aspect-ratio\"><div class=\"wp-block-embed__wrapper\">\n<iframe loading=\"lazy\" title=\"Mac DeMarco - Holy\" width=\"750\" height=\"422\" src=\"https:\/\/www.youtube.com\/embed\/8UsYLb3O8fI?feature=oembed\" frameborder=\"0\" allow=\"accelerometer; autoplay; clipboard-write; encrypted-media; gyroscope; picture-in-picture; web-share\" referrerpolicy=\"strict-origin-when-cross-origin\" allowfullscreen><\/iframe>\n<\/div><\/figure>\n","protected":false},"author":2,"featured_media":1482,"menu_order":0,"template":"","types-evenements":[9],"class_list":["post-1422","evenement","type-evenement","status-publish","has-post-thumbnail","hentry","types-evenements-concert","entry"],"acf":[],"yoast_head":"<!-- This site is optimized with the Yoast SEO plugin v27.1.1 - https:\/\/yoast.com\/product\/yoast-seo-wordpress\/ -->\n<title>Mac DeMarco - La Carri\u00e8re<\/title>\n<meta name=\"robots\" content=\"index, follow, max-snippet:-1, max-image-preview:large, max-video-preview:-1\" \/>\n<link rel=\"canonical\" href=\"https:\/\/lacarriere-events.com\/evenements\/mac-demarco\/\" \/>\n<meta property=\"og:locale\" content=\"en_US\" \/>\n<meta property=\"og:type\" content=\"article\" \/>\n<meta property=\"og:title\" content=\"Mac DeMarco - La Carri\u00e8re\" \/>\n<meta property=\"og:description\" content=\"BOURSE AUX BILLETS : https:\/\/reelax-tickets.com\/e\/n\/mac-demarco-la-carriere Quelques jours apr\u00e8s un concert parisien d\u2019anthologie \u00e0 la salle Pleyel, ayant affichant archi-complet, Mac DeMarco annonce une s\u00e9rie de dates en France pour septembre 2026&nbsp;! Le songwriter canadien d\u00e9fendra sur sc\u00e8ne l\u2019album &#8220;Guitar&#8221;, petit bijou folk minimaliste disponible depuis le 22 ao\u00fbt 2025. Retrouvez Mac DeMarco en concert&nbsp;le 10&hellip; Continue reading Mac DeMarco\" \/>\n<meta property=\"og:url\" content=\"https:\/\/lacarriere-events.com\/evenements\/mac-demarco\/\" \/>\n<meta property=\"og:site_name\" content=\"La Carri\u00e8re\" \/>\n<meta property=\"article:modified_time\" content=\"2026-04-21T09:40:45+00:00\" \/>\n<meta property=\"og:image\" content=\"https:\/\/lacarriere-events.com\/wp-content\/uploads\/2025\/10\/MACDEMARCO_NANTES26_SOLDOUT_1x1.jpg\" \/>\n\t<meta property=\"og:image:width\" content=\"1080\" \/>\n\t<meta property=\"og:image:height\" content=\"1080\" \/>\n\t<meta property=\"og:image:type\" content=\"image\/jpeg\" \/>\n<meta name=\"twitter:card\" content=\"summary_large_image\" \/>\n<meta name=\"twitter:label1\" content=\"Est. reading time\" \/>\n\t<meta name=\"twitter:data1\" content=\"2 minutes\" \/>\n<script type=\"application\/ld+json\" class=\"yoast-schema-graph\">{\"@context\":\"https:\/\/schema.org\",\"@graph\":[{\"@type\":\"WebPage\",\"@id\":\"https:\/\/lacarriere-events.com\/evenements\/mac-demarco\/\",\"url\":\"https:\/\/lacarriere-events.com\/evenements\/mac-demarco\/\",\"name\":\"Mac DeMarco - La Carri\u00e8re\",\"isPartOf\":{\"@id\":\"https:\/\/lacarriere-events.com\/#website\"},\"primaryImageOfPage\":{\"@id\":\"https:\/\/lacarriere-events.com\/evenements\/mac-demarco\/#primaryimage\"},\"image\":{\"@id\":\"https:\/\/lacarriere-events.com\/evenements\/mac-demarco\/#primaryimage\"},\"thumbnailUrl\":\"https:\/\/lacarriere-events.com\/wp-content\/uploads\/2025\/10\/MACDEMARCO_NANTES26_SOLDOUT_1x1.jpg\",\"datePublished\":\"2025-10-28T10:00:00+00:00\",\"dateModified\":\"2026-04-21T09:40:45+00:00\",\"breadcrumb\":{\"@id\":\"https:\/\/lacarriere-events.com\/evenements\/mac-demarco\/#breadcrumb\"},\"inLanguage\":\"en-US\",\"potentialAction\":[{\"@type\":\"ReadAction\",\"target\":[\"https:\/\/lacarriere-events.com\/evenements\/mac-demarco\/\"]}]},{\"@type\":\"ImageObject\",\"inLanguage\":\"en-US\",\"@id\":\"https:\/\/lacarriere-events.com\/evenements\/mac-demarco\/#primaryimage\",\"url\":\"https:\/\/lacarriere-events.com\/wp-content\/uploads\/2025\/10\/MACDEMARCO_NANTES26_SOLDOUT_1x1.jpg\",\"contentUrl\":\"https:\/\/lacarriere-events.com\/wp-content\/uploads\/2025\/10\/MACDEMARCO_NANTES26_SOLDOUT_1x1.jpg\",\"width\":1080,\"height\":1080},{\"@type\":\"BreadcrumbList\",\"@id\":\"https:\/\/lacarriere-events.com\/evenements\/mac-demarco\/#breadcrumb\",\"itemListElement\":[{\"@type\":\"ListItem\",\"position\":1,\"name\":\"Accueil\",\"item\":\"https:\/\/lacarriere-events.com\/en\/\"},{\"@type\":\"ListItem\",\"position\":2,\"name\":\"Mac DeMarco\"}]},{\"@type\":\"WebSite\",\"@id\":\"https:\/\/lacarriere-events.com\/#website\",\"url\":\"https:\/\/lacarriere-events.com\/\",\"name\":\"La Carri\u00e8re\",\"description\":\"\",\"potentialAction\":[{\"@type\":\"SearchAction\",\"target\":{\"@type\":\"EntryPoint\",\"urlTemplate\":\"https:\/\/lacarriere-events.com\/?s={search_term_string}\"},\"query-input\":{\"@type\":\"PropertyValueSpecification\",\"valueRequired\":true,\"valueName\":\"search_term_string\"}}],\"inLanguage\":\"en-US\"}]}<\/script>\n<!-- \/ Yoast SEO plugin. -->","yoast_head_json":{"title":"Mac DeMarco - La Carri\u00e8re","robots":{"index":"index","follow":"follow","max-snippet":"max-snippet:-1","max-image-preview":"max-image-preview:large","max-video-preview":"max-video-preview:-1"},"canonical":"https:\/\/lacarriere-events.com\/evenements\/mac-demarco\/","og_locale":"en_US","og_type":"article","og_title":"Mac DeMarco - La Carri\u00e8re","og_description":"BOURSE AUX BILLETS : https:\/\/reelax-tickets.com\/e\/n\/mac-demarco-la-carriere Quelques jours apr\u00e8s un concert parisien d\u2019anthologie \u00e0 la salle Pleyel, ayant affichant archi-complet, Mac DeMarco annonce une s\u00e9rie de dates en France pour septembre 2026&nbsp;! Le songwriter canadien d\u00e9fendra sur sc\u00e8ne l\u2019album &#8220;Guitar&#8221;, petit bijou folk minimaliste disponible depuis le 22 ao\u00fbt 2025. Retrouvez Mac DeMarco en concert&nbsp;le 10&hellip; Continue reading Mac DeMarco","og_url":"https:\/\/lacarriere-events.com\/evenements\/mac-demarco\/","og_site_name":"La Carri\u00e8re","article_modified_time":"2026-04-21T09:40:45+00:00","og_image":[{"width":1080,"height":1080,"url":"https:\/\/lacarriere-events.com\/wp-content\/uploads\/2025\/10\/MACDEMARCO_NANTES26_SOLDOUT_1x1.jpg","type":"image\/jpeg"}],"twitter_card":"summary_large_image","twitter_misc":{"Est. reading time":"2 minutes"},"schema":{"@context":"https:\/\/schema.org","@graph":[{"@type":"WebPage","@id":"https:\/\/lacarriere-events.com\/evenements\/mac-demarco\/","url":"https:\/\/lacarriere-events.com\/evenements\/mac-demarco\/","name":"Mac DeMarco - La Carri\u00e8re","isPartOf":{"@id":"https:\/\/lacarriere-events.com\/#website"},"primaryImageOfPage":{"@id":"https:\/\/lacarriere-events.com\/evenements\/mac-demarco\/#primaryimage"},"image":{"@id":"https:\/\/lacarriere-events.com\/evenements\/mac-demarco\/#primaryimage"},"thumbnailUrl":"https:\/\/lacarriere-events.com\/wp-content\/uploads\/2025\/10\/MACDEMARCO_NANTES26_SOLDOUT_1x1.jpg","datePublished":"2025-10-28T10:00:00+00:00","dateModified":"2026-04-21T09:40:45+00:00","breadcrumb":{"@id":"https:\/\/lacarriere-events.com\/evenements\/mac-demarco\/#breadcrumb"},"inLanguage":"en-US","potentialAction":[{"@type":"ReadAction","target":["https:\/\/lacarriere-events.com\/evenements\/mac-demarco\/"]}]},{"@type":"ImageObject","inLanguage":"en-US","@id":"https:\/\/lacarriere-events.com\/evenements\/mac-demarco\/#primaryimage","url":"https:\/\/lacarriere-events.com\/wp-content\/uploads\/2025\/10\/MACDEMARCO_NANTES26_SOLDOUT_1x1.jpg","contentUrl":"https:\/\/lacarriere-events.com\/wp-content\/uploads\/2025\/10\/MACDEMARCO_NANTES26_SOLDOUT_1x1.jpg","width":1080,"height":1080},{"@type":"BreadcrumbList","@id":"https:\/\/lacarriere-events.com\/evenements\/mac-demarco\/#breadcrumb","itemListElement":[{"@type":"ListItem","position":1,"name":"Accueil","item":"https:\/\/lacarriere-events.com\/en\/"},{"@type":"ListItem","position":2,"name":"Mac DeMarco"}]},{"@type":"WebSite","@id":"https:\/\/lacarriere-events.com\/#website","url":"https:\/\/lacarriere-events.com\/","name":"La Carri\u00e8re","description":"","potentialAction":[{"@type":"SearchAction","target":{"@type":"EntryPoint","urlTemplate":"https:\/\/lacarriere-events.com\/?s={search_term_string}"},"query-input":{"@type":"PropertyValueSpecification","valueRequired":true,"valueName":"search_term_string"}}],"inLanguage":"en-US"}]}},"_links":{"self":[{"href":"https:\/\/lacarriere-events.com\/en\/wp-json\/wp\/v2\/evenement\/1422","targetHints":{"allow":["GET"]}}],"collection":[{"href":"https:\/\/lacarriere-events.com\/en\/wp-json\/wp\/v2\/evenement"}],"about":[{"href":"https:\/\/lacarriere-events.com\/en\/wp-json\/wp\/v2\/types\/evenement"}],"author":[{"embeddable":true,"href":"https:\/\/lacarriere-events.com\/en\/wp-json\/wp\/v2\/users\/2"}],"version-history":[{"count":4,"href":"https:\/\/lacarriere-events.com\/en\/wp-json\/wp\/v2\/evenement\/1422\/revisions"}],"predecessor-version":[{"id":1531,"href":"https:\/\/lacarriere-events.com\/en\/wp-json\/wp\/v2\/evenement\/1422\/revisions\/1531"}],"wp:featuredmedia":[{"embeddable":true,"href":"https:\/\/lacarriere-events.com\/en\/wp-json\/wp\/v2\/media\/1482"}],"wp:attachment":[{"href":"https:\/\/lacarriere-events.com\/en\/wp-json\/wp\/v2\/media?parent=1422"}],"wp:term":[{"taxonomy":"types-evenements","embeddable":true,"href":"https:\/\/lacarriere-events.com\/en\/wp-json\/wp\/v2\/types-evenements?post=1422"}],"curies":[{"name":"wp","href":"https:\/\/api.w.org\/{rel}","templated":true}]}}

<p class="has-text-align-center"><strong>BOURSE AUX BILLETS : <a href="https://reelax-tickets.com/e/n/mac-demarco-la-carriere">https://reelax-tickets.com/e/n/mac-demarco-la-carriere</a></strong></p>



<p>Quelques jours après un concert parisien d’anthologie à la salle Pleyel, ayant affichant archi-complet, Mac DeMarco annonce une série de dates en France pour septembre 2026&nbsp;! Le songwriter canadien défendra sur scène l’album &#8220;Guitar&#8221;, petit bijou folk minimaliste disponible depuis le 22 août 2025. Retrouvez Mac DeMarco en concert&nbsp;le <strong>10 septembre 2026, à La Carrière, Nantes (Saint-Herblain).</strong></p>



<p>&#8220;Guitar&#8221; a été entièrement écrit et enregistré en novembre 2024 dans la maison de Mac à Los Angeles. À l’exception du mastering réalisé par David Ives, Mac a lui-même pris en charge tous les aspects du disque : de l’enregistrement au mixage (effectué au Canada), en passant par les clips et la pochette, tournés en autonomie à l’aide de trépieds. Il confie : « Je pense que Guitar est la représentation la plus fidèle que j’aie pu faire de l’endroit où j’en suis dans ma vie aujourd’hui. Je suis heureux de partager cette musique et impatient de jouer ces chansons partout où je le pourrai. »</p>



<figure class="wp-block-embed is-type-video is-provider-youtube wp-block-embed-youtube wp-embed-aspect-16-9 wp-has-aspect-ratio"><div class="wp-block-embed__wrapper">
<iframe loading="lazy" title="Mac DeMarco - Holy" width="750" height="422" src="https://www.youtube.com/embed/8UsYLb3O8fI?feature=oembed" frameborder="0" allow="accelerometer; autoplay; clipboard-write; encrypted-media; gyroscope; picture-in-picture; web-share" referrerpolicy="strict-origin-when-cross-origin" allowfullscreen></iframe>
</div></figure>

<!-- This site is optimized with the Yoast SEO plugin v27.1.1 - https://yoast.com/product/yoast-seo-wordpress/ -->
<title>Mac DeMarco - La Carrière</title>
<meta name="robots" content="index, follow, max-snippet:-1, max-image-preview:large, max-video-preview:-1" />
<link rel="canonical" href="https://lacarriere-events.com/evenements/mac-demarco/" />
<meta property="og:locale" content="en_US" />
<meta property="og:type" content="article" />
<meta property="og:title" content="Mac DeMarco - La Carrière" />
<meta property="og:description" content="BOURSE AUX BILLETS : https://reelax-tickets.com/e/n/mac-demarco-la-carriere Quelques jours après un concert parisien d’anthologie à la salle Pleyel, ayant affichant archi-complet, Mac DeMarco annonce une série de dates en France pour septembre 2026&nbsp;! Le songwriter canadien défendra sur scène l’album &#8220;Guitar&#8221;, petit bijou folk minimaliste disponible depuis le 22 août 2025. Retrouvez Mac DeMarco en concert&nbsp;le 10&hellip; Continue reading Mac DeMarco" />
<meta property="og:url" content="https://lacarriere-events.com/evenements/mac-demarco/" />
<meta property="og:site_name" content="La Carrière" />
<meta property="article:modified_time" content="2026-04-21T09:40:45+00:00" />
<meta property="og:image" content="https://lacarriere-events.com/wp-content/uploads/2025/10/MACDEMARCO_NANTES26_SOLDOUT_1x1.jpg" />
	<meta property="og:image:width" content="1080" />
	<meta property="og:image:height" content="1080" />
	<meta property="og:image:type" content="image/jpeg" />
<meta name="twitter:card" content="summary_large_image" />
<meta name="twitter:label1" content="Est. reading time" />
	<meta name="twitter:data1" content="2 minutes" />
<script type="application/ld+json" class="yoast-schema-graph">{"@context":"https://schema.org","@graph":[{"@type":"WebPage","@id":"https://lacarriere-events.com/evenements/mac-demarco/","url":"https://lacarriere-events.com/evenements/mac-demarco/","name":"Mac DeMarco - La Carrière","isPartOf":{"@id":"https://lacarriere-events.com/#website"},"primaryImageOfPage":{"@id":"https://lacarriere-events.com/evenements/mac-demarco/#primaryimage"},"image":{"@id":"https://lacarriere-events.com/evenements/mac-demarco/#primaryimage"},"thumbnailUrl":"https://lacarriere-events.com/wp-content/uploads/2025/10/MACDEMARCO_NANTES26_SOLDOUT_1x1.jpg","datePublished":"2025-10-28T10:00:00+00:00","dateModified":"2026-04-21T09:40:45+00:00","breadcrumb":{"@id":"https://lacarriere-events.com/evenements/mac-demarco/#breadcrumb"},"inLanguage":"en-US","potentialAction":[{"@type":"ReadAction","target":["https://lacarriere-events.com/evenements/mac-demarco/"]}]},{"@type":"ImageObject","inLanguage":"en-US","@id":"https://lacarriere-events.com/evenements/mac-demarco/#primaryimage","url":"https://lacarriere-events.com/wp-content/uploads/2025/10/MACDEMARCO_NANTES26_SOLDOUT_1x1.jpg","contentUrl":"https://lacarriere-events.com/wp-content/uploads/2025/10/MACDEMARCO_NANTES26_SOLDOUT_1x1.jpg","width":1080,"height":1080},{"@type":"BreadcrumbList","@id":"https://lacarriere-events.com/evenements/mac-demarco/#breadcrumb","itemListElement":[{"@type":"ListItem","position":1,"name":"Accueil","item":"https://lacarriere-events.com/en/"},{"@type":"ListItem","position":2,"name":"Mac DeMarco"}]},{"@type":"WebSite","@id":"https://lacarriere-events.com/#website","url":"https://lacarriere-events.com/","name":"La Carrière","description":"","potentialAction":[{"@type":"SearchAction","target":{"@type":"EntryPoint","urlTemplate":"https://lacarriere-events.com/?s={search_term_string}"},"query-input":{"@type":"PropertyValueSpecification","valueRequired":true,"valueName":"search_term_string"}}],"inLanguage":"en-US"}]}</script>
<!-- / Yoast SEO plugin. -->

Mac DeMarco - La Carrière

BOURSE AUX BILLETS : https://reelax-tickets.com/e/n/mac-demarco-la-carriere Quelques jours après un concert parisien d’anthologie à la salle Pleyel, ayant affichant archi-complet, Mac DeMarco annonce une série de dates en France pour septembre 2026&nbsp;! Le songwriter canadien défendra sur scène l’album &#8220;Guitar&#8221;, petit bijou folk minimaliste disponible depuis le 22 août 2025. Retrouvez Mac DeMarco en concert&nbsp;le 10&hellip; Continue reading Mac DeMarco

La Carrière
